ple of 11?
True
Does 5 divide 475?
True
Does 2 divide 1121?
False
Does 11 divide 821?
False
Is 16 a factor of 3294?
False
Does 245 divide 90416?
False
Does 56 divide 1211?
False
Is 6110 a multiple of 94?
True
Is 141 a factor of 846?
True
Is 237 a factor of 64938?
True
Is 60 a factor of 3307?
False
Does 48 divide 15408?
True
Does 32 divide 12608?
True
Is 15620 a multiple of 11?
True
Is 929 even?
False
Is 1302 a multiple of 24?
False
Does 4 divide 12830?
False
Is 3624 a multiple of 6?
True
Does 9 divide 782?
False
Is 186 a multiple of 14?
False
Is 1145 a multiple of 108?
False
Is 651 a multiple of 31?
True
Is 683 a multiple of 72?
False
Is 34 a factor of 3941?
False
Does 29 divide 420?
False
Is 10 a factor of 300?
True
Does 65 divide 260?
True
Is 348 a multiple of 6?
True
Is 17 a factor of 562?
False
Is 183 a multiple of 2?
False
Does 12 divide 552?
True
Is 492 a multiple of 41?
True
Does 34 divide 30979?
False
Is 25 a factor of 375?
True
Is 11 a factor of 66?
True
Is 27 a factor of 2504?
False
Is 3178 a multiple of 14?
True
Is 23 a factor of 6647?
True
Does 12 divide 9068?
False
Is 16 a factor of 3168?
True
Does 24 divide 8832?
True
Is 15 a factor of 8700?
True
Is 96 a factor of 40726?
False
Does 64 divide 479?
False
Does 45 divide 41981?
False
Is 49184 a multiple of 58?
True
Is 15 a factor of 46385?
False
Is 5831 a multiple of 16?
False
Does 8 divide 102?
False
Is 34 a factor of 6222?
True
Is 11 a factor of 715?
True
Is 508 a multiple of 127?
True
Is 46 a factor of 25798?
False
Does 23 divide 1150?
True
Is 2880 a multiple of 10?
True
Does 11 divide 24481?
False
Is 73094 a multiple of 187?
False
Is 11 a factor of 9535?
False
Is 41826 a multiple of 28?
False
Is 15 a factor of 228?
False
Is 34 a factor of 454?
False
Does 32 divide 2156?
False
Is 6360 a multiple of 60?
True
Is 28 a factor of 616?
True
Is 52 a factor of 104?
True
Is 8 a factor of 10328?
True
Is 25857 a multiple of 117?
True
Is 7900 a multiple of 86?
False
Is 20 a factor of 440?
True
Is 27 a factor of 2862?
True
Is 1605 a multiple of 15?
True
Is 6 a factor of 8802?
True
Does 10 divide 6764?
False
Does 20 divide 27661?
False
Is 6 a factor of 27129?
False
Does 34 divide 34?
True
Is 62 a factor of 496?
True
Does 7 divide 1429?
False
Is 1612 a multiple of 29?
False
Is 1468 a multiple of 37?
False
Is 2106 a multiple of 50?
False
Is 34 a factor of 1356?
False
Does 43 divide 184?
False
Does 10 divide 2810?
True
Is 638 a multiple of 78?
False
Is 17 a factor of 46512?
True
Is 23609 a multiple of 23?
False
Is 8 a factor of 31168?
True
Is 1035 a multiple of 15?
True
Is 14 a factor of 1768?
False
Does 10 divide 1102?
False
Is 27 a factor of 135?
True
Does 2 divide 1172?
True
Does 4 divide 8148?
True
Does 145 divide 74426?
False
Is 2 a factor of 1522?
True
Is 4474 a multiple of 117?
False
Is 1711 a multiple of 29?
True
Is 4726 a multiple of 287?
False
Is 78892 a multiple of 22?
True
Does 6 divide 18951?
False
Is 5 a factor of 104?
False
Is 35082 a multiple of 6?
True
Does 51 divide 1107?
False
Does 239 divide 57387?
False
Is 97 a factor of 69937?
True
Is 1077 a multiple of 15?
False
Is 7 a factor of 203?
True
Is 317 a multiple of 22?
False
Is 130 a factor of 15080?
True
Is 25000 a multiple of 100?
True
Is 2 a factor of 52?
True
Is 52 a factor of 318?
False
Is 101 a factor of 2323?
True
Does 38 divide 3435?
False
Is 2 a factor of 52?
True
Is 36 a factor of 74184?
False
Does 8 divide 88?
True
Does 81 divide 289?
False
Is 925 a multiple of 25?
True
Is 28 a factor of 1847?
False
Is 14 a factor of 93?
False
Does 147 divide 43953?
True
Is 520 a multiple of 5?
True
Is 2 a factor of 258?
True
Does 14 divide 3342?
False
Is 5885 a multiple of 107?
True
Does 19 divide 2546?
True
Does 25 divide 2919?
False
Does 12 divide 348?
True
Does 2 divide 453?
False
Is 11532 a multiple of 41?
False
Is 3975 a multiple of 53?
True
Is 16 a factor of 6176?
True
Is 26882 a multiple of 9?
False
Is 18 a factor of 3060?
True
Is 7 a factor of 14330?
False
Is 102 a multiple of 3?
True
Does 10 divide 262?
False
Does 43 divide 573?
False
Is 79054 a multiple of 58?
True
Is 208 a multiple of 26?
True
Is 1086 a multiple of 2?
True
Does 17 divide 30600?
True
Does 11 divide 5301?
False
Is 384 a multiple of 24?
True
Is 17183 a multiple of 14?
False
Is 7 a factor of 446?
False
Is 10 a factor of 14113?
False
Is 13338 a multiple of 57?
True
Is 1588 a multiple of 22?
False
Does 5 divide 2270?
True
Is 74 a multiple of 9?
False
Is 39484 a multiple of 6?
False
Is 7514 a multiple of 25?
False
Is 310 a multiple of 16?
False
Is 50 a factor of 775?
False
Is 76 a factor of 3496?
True
Is 324 a multiple of 9?
True
Does 13 divide 22998?
False
Does 13 divide 286?
True
Is 15899 a multiple of 49?
False
Does 94 divide 3045?
False
Is 141 a factor of 66976?
False
Does 41 divide 82738?
True
Does 8 divide 3420?
False
Is 3294 a multiple of 43?
False
Is 30 a factor of 813?
False
Is 4 a factor of 3910?
False
Does 365 divide 56575?
True
Is 16 a factor of 729?
False
Is 352 a multiple of 13?
False
Is 132 a factor of 2296?
False
Does 27 divide 9239?
False
Is 4605 a multiple of 62?
False
Is 2296 a multiple of 8?
True
Is 15 a factor of 1882?
False
Does 19 divide 760?
True
Is 24 a factor of 12986?
False
Does 8 divide 24?
True
Does 40 divide 10200?
True
Is 1248 a multiple of 96?
True
Is 17 a factor of 134?
False
Is 736 a multiple of 22?
False
Does 7 divide 1134?
True
Does 36 divide 1080?
True
Is 13 a factor of 57607?
False
Is 75 a factor of 23890?
False
Is 17 a factor of 476?
True
Is 3 a factor of 1649?
False
Is 975 a multiple of 25?
True
Is 14 a factor of 1862?
True
Is 89 a factor of 9345?
True
Does 266 divide 69958?
True
Does 88 divide 1080?
False
Is 792 a multiple of 12?
True
Is 16 a factor of 2790?
False
Is 57513 a multiple of 8?
False
Is 3020 a multiple of 10?
True
Is 1300 a multiple of 25?
True
Does 28 divide 47732?
False
Does 14 divide 24028?
False
Does 130 divide 1265?
False
Is 67900 a multiple of 20?
True
Is 8 a factor of 1858?
False
Does 40 divide 5200?
True
Is 134 a multiple of 8?
False
Does 17 divide 1360?
True
Does 63 divide 19782?
True
Does 13 divide 22595?
False
Does 13 divide 1911?
True
Does 25 divide 16900?
True
Is 54 a factor of 21978?
True
Does 114 divide 20435?
False
Does 28 divide 456?
False
Is 9 a factor of 17285?
False
Is 3225 a multiple of 59?
False
Does 26 divide 1009?
False
Is 7365 a multiple of 15?
True
Is 132 a factor of 36432?
True
Does 6 divide 7811?
False
Is 51 a factor of 8721?
True
Is 55451 a multiple of 11?
True
Is 2229 a multiple of 12?
False
Is 180 a factor of 28646?
False
Is 18 a factor of 54432?
True
Is 69 a factor of 690?
True
Is 619 a multiple of 8?
False
Is 44 a factor of 122?
False
Is 4907 a multiple of 114?
False
Is 6 a factor of 4426?
False
Is 4441 a multiple of 34?
False
Is 136 a factor of 317?
False
Is 2623 a multiple of 66?
False
Does 15 divide 1411?
False
Is 34 a multiple of 12?
False
Does 42 divide 1344?
True
Is 871 a multiple of 67?
True
Is 2352 a multiple of 14?
True
Is 18057 a multiple of 39?
True
Does 28 divide 476?
True
Does 7 divide 378?
True
Is 268 a factor of 35376?
True
Is 1219 even?
False
Does 12 divide 10452?
True
Is 68661 a multiple of 126?
False
Does 8 divide 726?
False
Does 16 divide 2008?
False
Does 11 divide 4524?
False
Does 171 divide 32718?
False
Is 435 a multiple of 21?
False
Is 1133 a multiple of 107?
False
Does 5 divide 14978?
False
Is 38 a factor of 235?
False
Does 140 divide 5372?
False
Does 111 divide 111108?
False
Is 84 a factor of 4368?
True
Is 138 a factor of 134826?
True
Is 2 a factor of 1666?
True
Does 22 divide 107782?
False
Is 37 a factor of 43808?
True
Is 110823 a multiple of 420?
False
Is 24792 a multiple of 12?
True
Is 41 a factor of 8002?
False
Is 276 a multiple of 12?
True
Does 66 divide 3272?
False
Is 77 a factor of 24178?
True
Is 18 a factor of 12352?
False
Does 55 divide 3245?
True
Does 4 divide 4643?
False
Is 15 a factor of 240?
True
Does 6 divide 469?
False
Does 214 divide 8403?
False
Is 51 a factor of 8619?
True
Does 38 divide 7980?
True
Is 3738 a multiple of 6?
True
Does 13 divide 274?
False
Does 32 divide 11677?
False
Is 4862 a multiple of 13?
True
Is 4 a factor of 408?
True
Is 10868 a multiple of 88?
False
Does 58 divide 2900?
True
Is 4979 a multiple of 13?
True
Does 147 